Let x be w(-1). Let l(m) = m**3 + 12*m**2 - 5*m - 27. Let b be l(-12). Let o = x + b. What are the prime factors of o?
2, 11
Suppose -5*y = 3*i - 625, 2*i - 3*i - 5 = 0. Let f = 136 - y. What are the prime factors of f?
2
Let j = 9 - 6. Suppose -k - 2*r = j*k - 556, k - 139 = -4*r. List the prime factors of k.
139
Let y(z) = z. Let u(h) be the second derivative of -h**4/6 + 5*h**3/3 + 7*h**2/2 + 2*h. Let m(l) = -u(l) + 4*y(l). List the prime factors of m(5).
13
Suppose 0 = 5*q + 19 - 19. Suppose -2*n - 5*z + 436 = q, 6*n - 3*n = -3*z + 645. What are the prime factors of n?
3, 71
Let y(b) be the second derivative of -11*b**3/6 - b**2 - b. Let p be -1 - -1 - (99/9 + -6). List the prime factors of y(p).
53
Let i = -15 - -17. What are the prime factors of i?
2
Let r be (-25)/((-98)/(-32) - (3 - 0)). Let v = -275 - r. What are the prime factors of v?
5
Let r be (-16)/(-20)*(-10)/(-4). Let l be 116/8*(-3 - -11) + 4. Suppose 3*c - 4*d - l - 58 = 0, -d = -r. List the prime factors of c.
2, 31
Let o be ((-40)/4)/2 + 3. Suppose -2*n + 2*m + 0*m + 294 = 0, -150 = -n - 2*m. What are the prime factors of ((-2)/4)/(o/n)?
37
Let f be 12/((-1)/(4/6)). Let i be (f/12)/(2/(-3)). Suppose 4*p + 11 = -d + 28, 2*d - 3*p - i = 0. What are the prime factors of d?
5
Suppose 2*s + 6 = -s, -x + 163 = -4*s. Suppose 0 = -18*k + 19*k - 5. Suppose -2*g = k*q - x, 2*q + g + 31 = 3*q. What are the prime factors of q?
31
Let u = 99 + -69. Let w = u + 153. What are the prime factors of w?
3, 61
What are the prime factors of 28*((-8976)/(-385) + 8/20)?
2, 83
List the prime factors of ((-24)/(-6) - 8) + 1632.
2, 11, 37
Let s(k) = 243*k + 275. What are the prime factors of s(14)?
3677
Let a(s) = 19*s**2 + 4*s - 20. List the prime factors of a(5).
5, 19
Let q = 644 - 310. What are the prime factors of q?
2, 167
Let u be 4 + 2 + -2 - 8*-1. Suppose d = -3*i + 10 - 62, -2 = -d. What are the prime factors of 66/4 + i/u?
3, 5
Let g = -151 + 142. Let n(h) = 11 + 10*h + h - 2*h + h**2. List the prime factors of n(g).
11
Let x = -325 - -1425. What are the prime factors of x?
2, 5, 11
Let f = -98 - 50. Let n = -85 - f. What are the prime factors of n?
3, 7
Suppose 2*i = -4*f + 16, 4 = 4*i + 4*f - 3*f. Suppose i = 2*y + 4 - 0. List the prime factors of 440/45 - y/9.
2, 5
What are the prime factors of (-66)/(-154) - (-11348)/14?
811
Suppose 3*i = 3*u + 159, 0*u + 2*i + 110 = -2*u. List the prime factors of 5/(0 - (164/u - -3)).
3, 5
Suppose -2*f + 3*h = -35, -2*h = -4*f + 41 + 17. Suppose -5*o - f*o = -3330. What are the prime factors of o?
5, 37
Let g = 6061 + -2859. List the prime factors of g.
2, 1601
Let u(b) = -144*b + 144*b + 2*b**2 - 9. List the prime factors of u(-5).
41
Suppose 0*h = 4*h + 4*k - 1492, -4*k + 4 = 0. List the prime factors of h.
2, 3, 31
Suppose 4*l - 3405 = 1403. What are the prime factors of l?
2, 601
Let r(i) = -3*i + 2. Let w be r(-14). Suppose -o + 9 = n, -4*n - 8 = o - w. List the prime factors of 2/(-2)*(n + -31).
2, 11
Let k(p) = -67*p + 9. Let q be k(-3). Suppose 6*a = a - q. List the prime factors of 2/(-7) + (-600)/a.
2, 7
Suppose 5*h - 8*h - 4*o = -884, 0 = -3*h - 5*o + 883. List the prime factors of h.
2, 37
Let q(i) = -8*i**2 - i**2 - 4 + 15 + 7*i**3 - 6*i**3 + 7*i. Let v be q(8). Suppose o = 3*p + 6 + v, 3*o - 27 = -5*p. List the prime factors of o.
3
Let f be (-50)/4*(7 + 11). Let k be f/(-2)*14/21. Let o = k + -22. What are the prime factors of o?
53
Suppose 382 = -5*f + 3*f. Let w(a) = -70*a**2 - 3*a + 1. Let o be w(1). What are the prime factors of f/(-9) + 16/o?
3, 7
Let z be (9 - 8)*8/2. Suppose -3*j - z*a + 0*a + 122 = 0, -12 = 3*a. List the prime factors of j.
2, 23
List the prime factors of (2 + -11)/1 + 4465.
2, 557
Suppose 3*t = 8*t - 20. Let h(f) = -f**3 - 5*f**2 - 5*f - 15. Let j be h(-5). List the prime factors of (58/t)/(5/j).
29
Suppose 0 = 3*s - 187 - 854. What are the prime factors of s?
347
Suppose 5*b - 4*v - 18050 = 4605, 22650 = 5*b - 5*v. What are the prime factors of b?
5, 907
Let t(u) = 153*u**2 - 40*u + 138. What are the prime factors of t(4)?
2, 1213
Let u(x) = -x**3 + x**2 - 13. Let w be u(0). Let l = w - -15. Suppose 4*g - 100 = -2*z - 0*z, l*g - 50 = -5*z. List the prime factors of g.
5
Let b(k) = 52*k - 105. List the prime factors of b(13).
571
Suppose -3*j + 4214 = f, 5*j + 4*f - 4642 - 2386 = 0. What are the prime factors of j?
2, 3, 13
Let f(g) = 6*g**2 + 34*g - 4*g**2 + 29*g + 10 - 57*g. What are the prime factors of f(8)?
2, 3, 31
Suppose -6 = 3*t, 4*w - 3*t = 13 - 379. Let c = -55 - w. List the prime factors of c.
2, 19
Let o = 1458 - 890. What are the prime factors of o?
2, 71
Let w(l) = l**3 - 2*l**2 - 2. Let k be w(0). List the prime factors of (1/k)/((-1)/58).
29
Let a = 71 - -301. What are the prime factors of a?
2, 3, 31
Let r be ((-10)/6 - -1) + (-260)/15. Let w = r - -25. What are the prime factors of w?
7
Let l(x) be the second derivative of -x**5/20 - x**4/3 + 5*x**3/6 + 9*x**2/2 - 11*x. Let r be l(-4). What are the prime factors of (20 - 18)*r/(-2)?
11
Suppose 5 = -h + 14. Suppose 143 + 2242 = h*j. List the prime factors of j.
5, 53
Let s(x) = x**3 - 7*x**2 + 8*x + 6. Let o(j) = 0 - 1 + 5*j**2 + 0*j**2 + 2. Let n be o(1). What are the prime factors of s(n)?
2, 3
Suppose -5*g + 4*a + 1667 = 2*a, -5*a = -3*g + 1004. List the prime factors of g.
3, 37
Suppose -1392*y - 1090 = -1393*y. What are the prime factors of y?
2, 5, 109
Suppose -7*r + 17280 = 3*r. What are the prime factors of r?
2, 3
Let o(j) be the first derivative of j**4/4 + 4*j**3 + j**2/2 + 10*j + 50. What are the prime factors of o(-11)?
2, 3, 5
Let o(q) = 24*q**2 - 4*q + 2. Let b = 5 - 3. List the prime factors of o(b).
2, 3, 5
Suppose 19*q - 41202 = -35*q. List the prime factors of q.
7, 109
Let k(u) = 51*u + 4. List the prime factors of k(8).
2, 103
Let o(w) = w**3 - 2*w**2 - w. Let j be o(-1). Let p(h) = -5*h**3 - h**2 - h - 2. List the prime factors of p(j).
2, 3
Let s(o) = 336*o - 141. What are the prime factors of s(6)?
3, 5
Suppose -6*t + 10 = -4*t. Suppose -3*o = -d + 4*d - 15, -t*o - 2*d = -31. Let a(f) = -f**2 + 7*f + 5. What are the prime factors of a(o)?
5
Let q = -41 + 44. List the prime factors of 360/(-42)*(-21)/q.
2, 3, 5
Let t(x) = -7*x**2 + 2*x. Let b(h) = 7*h**2 - 3*h - 1. Let d(y) = -2*b(y) - 3*t(y). List the prime factors of d(-3).
5, 13
Let q(z) = 2881*z**2 + 39*z + 37. What are the prime factors of q(-1)?
2879
What are the prime factors of (-3783)/(-5) + ((-176)/(-40) - 5)?
2, 3, 7
Let u(x) be the third derivative of 31*x**4/24 - 16*x**3/3 + 5*x**2. List the prime factors of u(6).
2, 7, 11
What are the prime factors of 10 + 1588 + 27/(-3)?
7, 227
Let c = 18 + -9. Let s be (-4)/6*c - -4. What are the prime factors of s/(-3) - (-112)/12?
2, 5
Let n = -184 - -7. Let g = -97 - n. Suppose 2*c = -2 + g. List the prime factors of c.
3, 13
Suppose -3*u - 2*t - 4 = 2*u, 2*u - 4*t = 8. Let i(a) = -2 - 2 - a**2 + u*a - 10*a + 3. List the prime factors of i(-5).
2, 3
Suppose -732 = -2*d + 5*z + 4317, -4*z - 5048 = -2*d. What are the prime factors of d?
2, 13, 97
Suppose -v + 3*c = -9, 0 = -3*v - 5*c + 3 - 32. Let g(m) = -60*m + 1. What are the prime factors of g(v)?
181
Suppose -2*a = -r + 4, 0 = -3*a - 5*r + 6*r - 4. Suppose 59*l - 55*l - 912 = a. List the prime factors of l.
2, 3, 19
Suppose 13*f + 10 = 8*f. What are the prime factors of (0 - f)*(5 - -73)?
2, 3, 13
Let k(p) = -p**3 - 4*p**2 - 5*p - 2. Let u be k(-2). Let t(v) = v**3 - v**2 + v + 11. What are the prime factors of t(u)?
11
Suppose -13*c + 8385 = 1053. What are the prime factors of c?
2, 3, 47
Suppose -4*o + 12818 = -10510. List the prime factors of o.
2, 3
Let p = -10 - -12. Suppose 2*g = -4*w - p*g + 272, -2*w - g + 136 = 0. Let o = 101 - w. List the prime factors of o.
3, 11
Let w(g) = g**3 + 7*g**2 + 2*g + 16. Let d(f) = 6*f + 5. Let j be d(-2). Let z be w(j). Suppose -z*t = 2*t - 260. List the prime factors of t.
5, 13
Let m(j) = -2*j - 9. Let p be -10 + (4 - (6 - 4)). Let i be m(p). Suppose -4*u - 3*s = s - 20, -3*u + s = -i. List the prime factors of u.
3
Suppose 7080 = 35*k - 27*k. List the prime factors of k.
3, 5, 59
Let g(d) = -7*d - 18. Let p be g(-5). Let y = 22 - p. What are the prime factors of y?
5
Suppose 29 = 4*q + 9, -4*b + 10414 = 2*q. List the